et t(p) = -p**3 - 5*p**2 - p + 6. Let w(y) = 9*y + 3 + y**3 - 2*y**3 - 6*y**2 + 6. Let l be w(-7). What are the prime factors of t(l)?
11
Let u = 19 + -30. Let g = -14 - u. Let w(h) = -6*h + 4. What are the prime factors of w(g)?
2, 11
Suppose 4*s - 4*t - 8 = 0, -5*s + 2*t = -2*s - 4. Suppose -2*b = 4*n - 32, s = 2*n + n + 4*b - 29. List the prime factors of n.
7
Suppose l - 4*l + 60 = 0. Suppose b = -3*b + l. Suppose -5*h = -5 - b. What are the prime factors of h?
2
What are the prime factors of 1 + 3 - (-5 - 55)?
2
Suppose 2*i - 10 = -2*g - i, 4 = 3*g - i. Let m be 3 + (g - 6/3). Suppose -2*a - 35 = -m*s, 0 = -2*s + 6*a - 2*a + 18. What are the prime factors of s?
13
Suppose 0 = -0*v + 4*v - 84. List the prime factors of v.
3, 7
Let l(k) = k**3 - 8*k**2 - 9*k + 6. Let g be l(9). List the prime factors of (-20)/(-30) - (-62)/g.
11
Suppose -5*b + 0*b = 15. What are the prime factors of (-2 - -8)/b - -32?
2, 3, 5
Let l be ((-63)/12)/(2/16). What are the prime factors of ((-96)/56)/(4/l)?
2, 3
Suppose 0*p = -2*p - 8, 2*p + 32 = 2*s. Suppose 4*v + 2*i = 6, 2*i - 6 = -2*v + 3*v. Suppose r = -v*r + s. List the prime factors of r.
2, 3
Suppose 0 = -8*y + 5*y - 1188. List the prime factors of y/24*(-8)/6.
2, 11
Let l(n) = n**3 - 6*n**2 + 9*n + 3. Let g be 2 + -1 + 3 - -2. List the prime factors of l(g).
3, 19
Let b = -11 - -49. Suppose -t - 3*t + b = -2*r, t - 3*r - 2 = 0. List the prime factors of t.
11
What are the prime factors of (-3)/(-1) - (-29 - -4)?
2, 7
Suppose 0 = -3*m + 4*m + 7. Let n(d) = -d**3 - 6*d**2 + 8*d + 10. What are the prime factors of n(m)?
3
Suppose 9*y + 1924 - 4804 = 0. What are the prime factors of y?
2, 5
Let u be -4 + 3 + 18/3. Suppose 5*t = u*r + 105, -5*r + 50 + 29 = 3*t. List the prime factors of t.
23
Suppose -3*k = -6*k + 4*c + 5, 5*k - 55 = -5*c. Let m = 10 - k. Suppose 2*j + v - 4 = 5, m*v + 1 = -2*j. What are the prime factors of j?
7
Suppose -2*g - 70 = -4*k, 0*g = 2*k - 2*g - 34. Suppose -4*c - k = -3*m, 2*m = 2*c + 1 + 13. List the prime factors of m.
2, 5
Let s(d) = 3*d**2. Let l be 7/(-4) + 15/20. Let v be s(l). Let o = 12 - v. What are the prime factors of o?
3
Suppose 2*i = i + 1. Suppose 10 = x + 2*q, 17 - i = 3*x - q. List the prime factors of x.
2, 3
Suppose -5*a - 15 = c + 104, 0 = 4*c + 4*a + 428. What are the prime factors of (c/12)/(4/(-6))?
13
Let b be (2/(-4))/(3/18). Let q be (-10 + 0)/(6/b). Suppose -5*x + 11 = o - 6, q*o - 19 = -3*x. What are the prime factors of x?
3
Suppose -6*i = -2*a - 3*i + 30, -a - i + 20 = 0. Let r = -28 + a. Let h = r + 27. What are the prime factors of h?
17
Let a be (10/15)/(2/3). What are the prime factors of 24/(2 + a/(-2))?
2
Suppose -u + 87 = 3*x, u - 78 = -3*x - 3*u. Let r be (24/(-10))/((-9)/x). Let s = 0 + r. What are the prime factors of s?
2
What are the prime factors of (-1 - 1)*(-85)/5?
2, 17
Let p = 40 + 0. Suppose 2*v + p = 3*v. List the prime factors of v.
2, 5
What are the prime factors of ((-66)/21 - -4)*406?
2, 3, 29
Let m be (-8)/6 - (-2)/6. Let r be -5 + 2/2 - m. List the prime factors of (5/(-1))/(r/6).
2, 5
Let u = 2 - -2. Let b(z) = -z**3 + 4*z**2 + 2*z + 4. What are the prime factors of b(u)?
2, 3
Let o be 70/22 - 2/11. Let p be 11/6 + o/18. Suppose 0 = g + p*k, 0*k = 2*k + 2. List the prime factors of g.
2
Let t = -101 + 126. List the prime factors of t.
5
Let z = 207 + -127. List the prime factors of z.
2, 5
Let f(x) = x - 2*x - 3*x + 2. Let o be f(-2). Suppose m - o = -m. What are the prime factors of m?
5
Suppose -s = 5*v - 2*v - 43, 3*v = -2*s + 92. Let w = -17 + s. List the prime factors of w.
2
Suppose -3*h + 4*h - 10 = 0. Suppose 0 = -s - 4 + h. Suppose -s = -3*y - f + 3, -2*y = 5*f + 7. List the prime factors of y.
2
Suppose -49 = -4*v + 3*v. Suppose -5*w + v = -4*m, 7*m + 22 = 2*w + 3*m. List the prime factors of w.
3
Let d = 41 + -1. List the prime factors of d.
2, 5
Let g(l) = -120*l**3 - l + 1. Let h be g(1). What are the prime factors of h/(-16)*(-12)/(-10)?
3
Suppose g + 4*y + 2 = 1, 4*g = y + 30. Suppose g = 2*n - 23. List the prime factors of n.
3, 5
Let y(z) be the first derivative of z**4/4 + z**3 + 2*z + 2. List the prime factors of y(-3).
2
Suppose 8 = 2*j - 46. Suppose j = 5*x - 3. Suppose -4*z + 38 = -x. What are the prime factors of z?
11
Let l(s) = -s**3 + 0*s**3 - 8*s - 6*s**2 - 2*s**2 - 9 - 2. List the prime factors of l(-8).
53
Suppose -q = -6*q + 590. What are the prime factors of q?
2, 59
Let j(f) = -18*f - 20. What are the prime factors of j(-5)?
2, 5, 7
Let q(f) = -17*f - 12. List the prime factors of q(-8).
2, 31
Let a(u) = -u**3 - 8*u**2 + 7. Let s be a(-8). Suppose -2*g + 2*k = -s*g + 120, -2*k = -4*g + 96. What are the prime factors of g?
2, 3
List the prime factors of (-5)/(-15) + (-663)/(-9) + -1.
73
List the prime factors of (28/(-16))/(-7) + (-622)/(-8).
2, 3, 13
Let y be (-3)/(-1)*(0 - -1). Suppose -p + 43 = -3*z, -y*p + 4*p - 57 = -4*z. List the prime factors of p.
7
Let i = -40 - -90. What are the prime factors of i?
2, 5
Let c(l) = -l**2 + 5*l + 2. Let s be c(5). Suppose -s*t + 37 = -3*y, y + 3*y = 3*t - 53. What are the prime factors of t?
11
Suppose 2*i = 7*i + s - 66, -s = 2*i - 24. Suppose -d - i = 2*d + 4*u, -d = u + 3. What are the prime factors of d?
2
Suppose 2*z - 189 = -z. Let t(x) = -4*x - 1. Let h be t(-5). Suppose 4*y - z = -h. List the prime factors of y.
11
Suppose -22 = -4*h + 26. What are the prime factors of h?
2, 3
Suppose 0*y - 5*y + 135 = 5*d, -51 = -2*d - 5*y. Let q be 46/(-8) + 21/d. Let n(k) = k**2 + k - 7. List the prime factors of n(q).
13
Let k(o) = o**2 + 5*o. Let c be 2 + (-3)/(9/24). List the prime factors of k(c).
2, 3
Suppose 7*k - 48 = 4*k. List the prime factors of k.
2
Let o = -13 + 18. Suppose -7*w + 4*w = 0. Suppose 4*r - 41 + o = w. List the prime factors of r.
3
Let i be 0*((-2)/(-4))/(-1). Suppose i = r - 2*r. Suppose r = c + 3*c - 28. What are the prime factors of c?
7
Let i = 32 + -6. What are the prime factors of i?
2, 13
Suppose 0*b + b = 22. What are the prime factors of b?
2, 11
Suppose -4*q + 130 = -78. What are the prime factors of q?
2, 13
Let b = 6 - -10. Suppose 0 = 2*a - 3*a - b. Let w = -10 - a. What are the prime factors of w?
2, 3
List the prime factors of 14/(-56) - 21/(-4).
5
Suppose 3*n - 83 - 80 = -2*c, 0 = -4*n + 5*c + 225. List the prime factors of n.
5, 11
What are the prime factors of ((-10)/15)/((-4)/78)?
13
Suppose -3*p = p + 36. Let v = -6 - p. Suppose 3*t - 9 + v = 0. List the prime factors of t.
2
Let w(f) = -44*f**2 - f. Suppose 6*b = b - 5. Let j be w(b). Let z = -31 - j. What are the prime factors of z?
2, 3
Suppose -12 = 3*y - 6*y. Let q = y - 4. List the prime factors of q + 14 + -2 + 1.
13
Let p be 1/((3 + -1)/2). What are the prime factors of (10/5)/(0 + p)?
2
Suppose -3*z + 2 = -16. List the prime factors of z.
2, 3
Suppose 5*z - 247 = 4*z. Suppose -z + 47 = -4*f. Suppose -4*c + d + f + 42 = 0, 4*d = 0. List the prime factors of c.
23
Suppose 3*w = 20 - 8. Suppose -w*j = -5*v, v = -0*v - 3*j. Suppose 0 = -z + 2*k + 10, 4*k + 4 = -v. What are the prime factors of z?
2
Suppose -2*h + 6 = -0*h. Suppose 5*c - 15 = -5*p, 3*c - 3*p = 2*c + h. List the prime factors of c.
3
Let r = 3 - 1. List the prime factors of r.
2
Suppose 510 = 5*i + 5*x, -510 = -5*i + 3*x + x. List the prime factors of i.
2, 3, 17
Let d(v) = v - 2. Let t be d(5). Let y(h) = -1 - 2 + 0*h + 2*h. What are the prime factors of y(t)?
3
Let r = 3 - 1. Suppose r*x = 2*m + 50, -7*m = -3*m. What are the prime factors of x?
5
Let p = 18 - 16. List the prime factors of p.
2
Let a be 1/((-3)/2 - -1). Let q = 16 - 14. Let y = q - a. What are the prime factors of y?
2
Let d = 629 - 357. List the prime factors of d.
2, 17
Let g(k) = 3*k**2 + 2*k - 2. What are the prime factors of g(4)?
2, 3
Let a = 9 + -7. Suppose -a*k + 22 = -k. Suppose 5*u = k + 58. What are the prime factors of u?
2
Suppose -4*y = 11 - 71. Suppose 2*v = 7*v - y. What are the prime factors of v?
3
Let g = 17 + -11. Suppose 0 = 3*l - 45 + g. List the prime factors of l.
13
Let j = -15 - -64. What are the prime factors of j?
7
Suppose -124 + 319 = 5*z. What are the prime factors of z?
3, 13
Let n be 14/4 + (-2)/4. Suppose -n*z + 6 = 3*p - 3, -3 = -p + 2*z. What are the prime factors of p?
3
Let b be 2/7 + 2